072 is divided by 3951?
219
Calculate the remainder when 2295600 is divided by 4063.
5
What is the remainder when 15362 is divided by 530?
522
Calculate the remainder when 12056094 is divided by 949.
947
Calculate the remainder when 17660594 is divided by 8830291.
12
What is the remainder when 263507370 is divided by 19?
18
Calculate the remainder when 818818 is divided by 28235.
3
Calculate the remainder when 68131606 is divided by 637.
634
Calculate the remainder when 167623 is divided by 930.
223
Calculate the remainder when 125724 is divided by 2514.
24
What is the remainder when 3377552 is divided by 3500?
52
Calculate the remainder when 19199482 is divided by 4799858.
50
Calculate the remainder when 12219 is divided by 1951.
513
What is the remainder when 192348621 is divided by 18?
9
What is the remainder when 1060355 is divided by 132542?
19
What is the remainder when 7498379 is divided by 277?
266
Calculate the remainder when 120206968 is divided by 2070.
2068
What is the remainder when 54920747 is divided by 54920730?
17
What is the remainder when 1655742 is divided by 442?
10
Calculate the remainder when 1641249 is divided by 1641168.
81
What is the remainder when 1956379 is divided by 54254?
3235
Calculate the remainder when 64544760 is divided by 170.
10
Calculate the remainder when 54761419 is divided by 54761364.
55
What is the remainder when 1423610 is divided by 519?
512
What is the remainder when 41010167 is divided by 1079214?
35
What is the remainder when 289419 is divided by 3013?
171
What is the remainder when 10457430 is divided by 1742902?
18
What is the remainder when 8171854 is divided by 2723930?
64
Calculate the remainder when 86149671 is divided by 14.
13
What is the remainder when 4498 is divided by 842?
288
Calculate the remainder when 31101 is divided by 4345.
686
Calculate the remainder when 307687 is divided by 120.
7
Calculate the remainder when 215765 is divided by 53092.
3397
What is the remainder when 1521155 is divided by 15?
5
What is the remainder when 49839144 is divided by 710?
694
What is the remainder when 68355 is divided by 8518?
211
Calculate the remainder when 128747 is divided by 42915.
2
What is the remainder when 204912 is divided by 616?
400
What is the remainder when 1757150 is divided by 352?
318
Calculate the remainder when 38330 is divided by 2128.
26
What is the remainder when 107222 is divided by 777?
773
What is the remainder when 27003 is divided by 5200?
1003
What is the remainder when 716472 is divided by 238632?
576
What is the remainder when 119036997 is divided by 375?
372
What is the remainder when 1989949 is divided by 387?
382
What is the remainder when 2633382 is divided by 51?
48
What is the remainder when 138518 is divided by 172?
58
What is the remainder when 3249385 is divided by 361041?
16
What is the remainder when 45510 is divided by 25?
10
What is the remainder when 1159839 is divided by 7?
2
What is the remainder when 323945 is divided by 35948?
413
What is the remainder when 135995 is divided by 896?
699
What is the remainder when 84688126 is divided by 768?
766
Calculate the remainder when 327109 is divided by 1283.
1227
What is the remainder when 6473495 is divided by 48?
23
What is the remainder when 518221 is divided by 446?
415
Calculate the remainder when 101982 is divided by 5998.
16
What is the remainder when 317578 is divided by 19840?
138
Calculate the remainder when 16872645 is divided by 926.
925
What is the remainder when 741887 is divided by 848?
735
What is the remainder when 1389130 is divided by 552?
298
What is the remainder when 372627 is divided by 186003?
621
Calculate the remainder when 64928 is divided by 1860.
1688
Calculate the remainder when 18544 is divided by 6250.
6044
Calculate the remainder when 139971187 is divided by 7817.
7802
What is the remainder when 5115433 is divided by 2645?
3
What is the remainder when 626092 is divided by 6023?
5723
Calculate the remainder when 832115 is divided by 6885.
5915
What is the remainder when 33720035 is divided by 11?
8
What is the remainder when 2852388 is divided by 950793?
9
Calculate the remainder when 176566 is divided by 712.
702
What is the remainder when 44477512 is divided by 43015?
2
What is the remainder when 5734262 is divided by 662?
18
Calculate the remainder when 9332401 is divided by 121200.
1
Calculate the remainder when 160204 is divided by 1558.
1288
Calculate the remainder when 217007 is divided by 108490.
27
Calculate the remainder when 47075 is divided by 15654.
113
Calculate the remainder when 54606 is divided by 27130.
346
Calculate the remainder when 17099562 is divided by 5.
2
Calculate the remainder when 65626192 is divided by 21875397.
1
What is the remainder when 6206270 is divided by 1114?
176
Calculate the remainder when 38440 is divided by 4698.
856
Calculate the remainder when 6878920 is divided by 1621.
1017
What is the remainder when 42762793 is divided by 5345348?
9
Calculate the remainder when 347549 is divided by 49.
41
What is the remainder when 57800 is divided by 1708?
1436
Calculate the remainder when 17044138 is divided by 193.
115
Calculate the remainder when 211111 is divided by 7.
5
Calculate the remainder when 3125492 is divided by 5693.
35
What is the remainder when 2166769 is divided by 398?
57
Calculate the remainder when 526891 is divided by 526854.
37
Calculate the remainder when 1105327 is divided by 3892.
3891
Calculate the remainder when 1733939 is divided by 980.
319
Calculate the remainder when 226208 is divided by 792.
488
Calculate the remainder when 2351637 is divided by 522.
27
Calculate the remainder when 302653 is divided by 531.
514
Calculate the remainder when 2124632 is divided by 5439.
3422
What is the remainder when 3672985 is divided by 34?
33
Calculate the remainder when 972949 is divided by 489.
328
What is the remainder when 211237 is divided by 30150?
187
Calculate the remainder when 179654986 is divided by 65.
56
What is the remainder when 421747 is divided by 38339?
18
Calculate the remainder when 160136 is divided by 1119.
119
Calculate the remainder when 925060 is divided by 9633.
292
What is the remainder when 50354255 is divided by 7193458?
49
Calculate the remainder when 38340 is divided by 1271.
210
Calculate the remainder when 2270640 is divided by 75.
15
What is the remainder when 33864 is divided by 2753?
828
What is the remainder when 402354 is divided by 67017?
252
Calculate the remainder when 2986754 is divided by 21487.
61
What is the remainder when 40889011 is divided by 801745?
16
Calculate the remainder when 251732352 is divided by 1220.
1212
Calculate the remainder when 1104582 is divided by 40.
22
Calculate the remainder when 4663291 is divided by 19.
7
What is the remainder when 1653047 is divided by 6612?
47
Calculate the remainder when 4910632 is divided by 9094.
8966
Calculate the remainder when 13018 is divided by 5548.
1922
Calculate the remainder when 3976 is divided by 13.
11
Calculate the remainder when 78976 is divided by 37077.
4822
What is the remainder when 33431 is divided by 3331?
121
Calculate the remainder when 1091478 is divided by 697.
673
What is the remainder when 22714837 is divided by 1503?
1501
Calculate the remainder when 24491114 is divided by 103338.
8
Calculate the remainder when 8022629 is divided by 209.
164
What is the remainder when 282582934 is divided by 1308?
1306
What is the remainder when 14498952 is divided by 182?
104
What is the remainder when 235272 is divided by 78255?
507
Calculate the remainder when 131599 is divided by 2778.
1033
Calculate the remainder when 87333689 is divided by 4218.
4217
What is the remainder when 169982 is divided by 664?
662
What is the remainder when 353336782 is divided by 57?
52
Calculate the remainder when 34799608 is divided by 8565.
13
What is the remainder when 8780 is divided by 1680?
380
Calculate the remainder when 63226 is divided by 20323.
2257
What is the remainder when 16189837 is divided by 165202?
41
What is the remainder when 21586 is divided by 2595?
826
Calculate the remainder when 1606841 is divided by 226.
207
Calculate the remainder when 13130 is divided by 2538.
440
Calculate the remainder when 168609515 is div